w + (-44)/(-4) + 2?
9
Let k = -1617 - -1665. Calculate the remainder when k is divided by 28.
20
Suppose 36*j - 2691 = -33*j. What is the remainder when 218 is divided by j?
23
Suppose -5*d = -2*t + 100, 5*t - d - 149 - 55 = 0. Suppose 36*j = t*j - 12. What is the remainder when 16 is divided by j/(-3) + 10 + 0?
7
Let g(j) = j**2 - 2*j - 203. Calculate the remainder when g(-15) is divided by 50.
2
Let z be (1 + -3)/(7/(-14)). Suppose z*m - 564 = m. Suppose -4*i = -4*p - 188, -i = 3*i - 5*p - m. What is the remainder when i is divided by 12?
11
Suppose 45*a = 52*a - 4907. Calculate the remainder when a is divided by 26.
25
Suppose -46 = -3*a - 10. Let t = 71 + 1. Let u = t + -26. What is the remainder when u is divided by a?
10
Suppose 187 = -22*g + 3751. Calculate the remainder when g is divided by 33.
30
Suppose 4*w = -5*j + 186, 2*j + 2*w + 2*w = 72. Let d = 11 - 28. Let h = d + j. What is the remainder when h is divided by 12?
9
Let m = -13 - -15. Let b = 8 - m. Let z = b - -11. Calculate the remainder when z is divided by 7.
3
Calculate the remainder when 330 is divided by 31/(-1*5/(30/(-6))).
20
Let k = 86 - 88. What is the remainder when (-3 - k)/((-1)/109) is divided by 28?
25
Let a = -23 - -37. Let g be (-6)/(-18) + a/3. Suppose -g*l - 2*r = -45, -5*l - 3*r = -2*r - 50. Calculate the remainder when 43 is divided by l.
10
What is the remainder when 85 is divided by 0/(-2 + -5) + 0 - -36?
13
Suppose 2*a - 3*z - 23 = 1, 0 = 5*a + z - 60. Let l = 31 - -28. Calculate the remainder when l is divided by a.
11
Suppose 0 = 6*v - 3*v - 36. What is the remainder when (-4)/(-8)*42 - 0 is divided by v?
9
Suppose 0*v - 100 = -5*v. Suppose -5*n + n = -v. Calculate the remainder when 18 is divided by n.
3
Let f(q) = q - 1. Let m be f(6). Suppose -13 = -m*j + 12. Let u(l) = l**3 - l**2 - 3*l + 9. Calculate the remainder when u(3) is divided by j.
3
Suppose -p - t = -2*p - 6, -3*p - 3*t + 12 = 0. What is the remainder when 46 is divided by 388/(-16)*-1 + p/4?
22
Suppose 0 = l + 3*j - 20 + 6, -5*l - 4*j = -48. Suppose l*i - 5*d = 4*i + 905, 685 = 3*i - 5*d. Calculate the remainder when (-9)/2*i/(-30) is divided by 18.
15
Calculate the remainder when (6 - 16/3)*507 is divided by 57.
53
Let q(n) be the second derivative of -n**4/12 + 16*n**3/3 - 11*n**2 - 31*n. Calculate the remainder when q(9) is divided by 47.
44
Let y = 35 + -25. What is the remainder when -1 + (45 - y/(-5)) is divided by 47/4 + (-1)/(-4)?
10
Let r = -75 - -107. Let p = r - 24. What is the remainder when 47 is divided by p?
7
Calculate the remainder when 5 is divided by ((-15)/12)/((-5)/(18 - -2)).
0
Suppose -5*r + 27 = t, 5*t + 17 = t + 5*r. Calculate the remainder when 4/5 - 522/(-20)*t is divided by 14.
11
What is the remainder when (1/2)/(46/11960) is divided by 11?
9
Let z(c) = -6*c**2 + 220*c + 91. Calculate the remainder when 1391 is divided by z(37).
14
Suppose 0*m = -4*m, -g + 80 = -5*m. Let l be (12/(-10))/(6/g). What is the remainder when 57 is divided by 2 + -3 - 1*l?
12
Suppose -6*y + 285 = -93. What is the remainder when y is divided by 18?
9
Suppose -2*g - 3*g + 115 = 0. Let d = g + -38. Let k = 4 - d. What is the remainder when k is divided by 11?
8
Suppose 351 = -0*h + 13*h. What is the remainder when 324/4 + 1 - 3 is divided by h?
25
Suppose 3*p - 12 = -0*p. Let z be -2 - 7/(-2)*p. Let r = 11 + z. Calculate the remainder when r is divided by 13.
10
Suppose 0 = -5*q + 20, -5*a = -3*q + 4*q - 529. Calculate the remainder when a is divided by 8.
1
Suppose 2*m + 2*i = 4 + 2, 5*i = 0. Let s be (-2)/(-4) + 2*(-155)/20. Calculate the remainder when (m - 34/10)*s is divided by 4.
2
Suppose 67 + 38 = 5*i. Let b(l) = -l**3 - 11*l**2 + 12*l + 13. Let p be b(-12). Let w = p + -5. Calculate the remainder when i is divided by w.
5
Let v(k) = k**2 + 14*k + 11. Suppose -4*h = -u - 124, 4*h = -u + 59 + 73. Calculate the remainder when h is divided by v(-14).
10
Suppose -372 = -86*m + 80*m. Calculate the remainder when m is divided by 21.
20
Let g = -11 + 15. Suppose -g*q + 8*q = 20. Let w(c) = 4*c + 5. Calculate the remainder when 97 is divided by w(q).
22
Calculate the remainder when (7/14)/(((-3)/(-98))/3) is divided by 32.
17
Let n = 913 + -822. Calculate the remainder when n is divided by 55.
36
Suppose 3*x + 5*m + 242 - 56 = 0, -248 = 4*x + 5*m. Let t = 28 + x. Let u = t + 35. What is the remainder when 2 is divided by u?
0
Suppose f + 4*g - 14 = 0, -27 = 2*f - 2*g - 85. Calculate the remainder when f is divided by (6/(-3))/(42/(-147)).
5
Let v = -304 + 329. Calculate the remainder when ((-12)/(-15))/(4/610) is divided by v.
22
Let z(t) be the third derivative of 0 + 0*t - 7/24*t**4 - 6*t**2 + 1/60*t**5 + 5/6*t**3. What is the remainder when 12 is divided by z(7)?
2
Suppose -38*u = -0*u - 1102. What is the remainder when u is divided by 8?
5
Let i be 368/(-6) - (-5)/15. Let k = i + 117. Suppose 0 = 2*c - 39 + 1. What is the remainder when k is divided by c?
18
Let f = 281 - 261. What is the remainder when f is divided by 6/27 + 88/9?
0
Suppose -21 = -6*b - 3. What is the remainder when b/(4 + 69/(-18)) is divided by 5?
3
Let k = 22 - -15. Suppose 4*o - 61 = -5*c, 5*c = -o + 55 - 6. Let j = k - c. Calculate the remainder when j is divided by 6.
4
Suppose 0*g + g = 11. Suppose -3*x + 4 = 3*m + 1, m = -4*x - g. Suppose -m*r = -r - 16. What is the remainder when 9 is divided by r?
1
What is the remainder when 144 is divided by (-309)/(-15) - (-16)/40?
18
Let u(d) = -d**2 - 8*d - 2. Let o be u(-7). Let l = 0 + o. Suppose -4*y = -9*y - 4*b + 15, -6 = -2*y + 3*b. Calculate the remainder when l is divided by y.
2
Let s(w) = 20*w + 312. Calculate the remainder when 259 is divided by s(-13).
51
Let w(c) = -90*c - 5. Let b be w(6). Let d = -342 - b. Suppose -5*i + 321 = 2*s, i - d = -2*i + 4*s. What is the remainder when i is divided by 17?
14
Let c(b) = b**3 - 8*b**2 - 8*b + 5. Let p(t) = 3*t**2 - 7*t + 43. What is the remainder when p(6) is divided by c(9)?
11
Let q(r) = 2*r - 20. Let x be q(12). Suppose x*m - 2 = -2*c, -2*c + 4 = 2*c - 3*m. What is the remainder when 4 is divided by c?
0
Suppose 19*g = 120 + 203. Let z = -9 - -76. Calculate the remainder when z is divided by g.
16
Suppose -282 = -6*m - 36. Calculate the remainder when 283 is divided by m.
37
Let i(m) = -5*m - 12. Let n be -10*(-1)/(2*-1). Let h = n + 11. Calculate the remainder when i(-8) is divided by h.
4
Suppose -g - 3*g + 20 = 0. Suppose 103 = g*f - 22. Calculate the remainder when 124 is divided by f.
24
Let y = -286 - 39. Let h be 3/(-12) - y/20. Suppose -h = -t - 4*x, 3*t - 31 = -x + 6*x. Calculate the remainder when 35 is divided by t.
11
Suppose -12*g = -127 - 29. Let k(a) = -8*a + 1. Let c be k(-3). What is the remainder when (-2)/(-4)*2*c is divided by g?
12
Let j(x) = x**2 + 8*x + 15. Let r be j(-6). Suppose -151 = -3*z + t, -3*t + 200 - r = 4*z. Calculate the remainder when z is divided by 13.
11
Let q = -1569 + 2016. What is the remainder when q is divided by 19?
10
Suppose 120*o + 40 = 122*o. Calculate the remainder when 63 is divided by o.
3
Suppose 3*q + i - 40 = 0, -3*q + 5*i + 6 = -10. Calculate the remainder when 1/5 + 2964/130 is divided by q.
11
Let v be (6/(-3))/(-1 - 1). Suppose 9 = 2*n - v. What is the remainder when 16 is divided by n?
1
What is the remainder when (-1 + -128)/(13 + -14) is divided by 27?
21
Suppose 5*a - 5 = 0, 5*n + 2*a - 322 + 250 = 0. Let g(i) = i**2 + 7*i + 4. Calculate the remainder when n is divided by g(-8).
2
Let s(d) = -d**3 + 3*d**2 + d + 3. Let m be s(2). Let q = m + 16. Suppose 5*g = q, 4*k + 3*g = 2 + 49. Calculate the remainder when k is divided by 3.
0
Suppose 15 - 55 = -2*h. Suppose -4*c = 5*i + 17, 7*c - 3*c = 4*i - 8. Let k = i - -38. What is the remainder when k is divided by h?
17
Suppose 0*o = -5*o + 10, n + 4*o = 27. Let c = 69 + 24. What is the remainder when c is divided by n?
17
Suppose 1879 = 30*d - 161. Calculate the remainder when 283 is divided by d.
11
Let t(y) = -5 + 12*y**2 + 0*y**3 - y**3 + 2 - 4*y**2. Calculate the remainder when t(7) is divided by 25.
21
Let l = -956 - -1453. Calculate the remainder when l is divided by 163.
8
Let h(v) = -9*v + 42. Calculate the remainder when 86 is divided by h(2).
14
Suppose -14 = -5*d + 1. Suppose -5*n +